Let b = d - 132. List the prime factors of b.
67
Suppose 3*k = 15, -4127 + 227 = -w - k. What are the prime factors of w?
5, 19, 41
Let j(w) = 118*w**2 + 91*w + 472. What are the prime factors of j(11)?
19, 829
Let u(z) = 12*z**2 + 13*z + 86. Let y(j) = -10*j**2 - 14*j - 84. Let f(w) = -2*u(w) - 3*y(w). What are the prime factors of f(-14)?
2, 3, 43
Suppose 163511 + 43147 = 54*o. List the prime factors of o.
43, 89
Suppose -4*z = 9*z - 26. Let q be (4/(-6))/(z/(-1536)*4). Suppose -75*u = -67*u - q. What are the prime factors of u?
2
Let g = 37944 + -24586. What are the prime factors of g?
2, 6679
Let v(t) = 303*t**2 - 5*t + 62. What are the prime factors of v(5)?
2, 11, 173
Let c be (7/21)/(2/18) - 0. Suppose 0 = c*k + 16 - 43. Let r = k + 45. What are the prime factors of r?
2, 3
Let a = -535 - -321. Let l be (-2919)/9 + -12 + 148/12. Let u = a - l. What are the prime factors of u?
2, 5, 11
Suppose 2*m + 5*c + 146 = 0, 0*c - 3*c = 5*m + 365. Let b = 130 - m. Suppose -2*i + 502 = x + b, -4*i = 4*x - 608. What are the prime factors of i?
3, 7
Let a(n) = 16*n - 14. Let z be (-16)/(-8)*(0 - -2). Let u be 5 + (-1 - z)*-1. What are the prime factors of a(u)?
2, 73
Let t(h) = -293*h - 10. Let s(p) = 584*p + 20. Let l(a) = 3*s(a) + 5*t(a). What are the prime factors of l(1)?
3, 11
Suppose h = -3*z - 1, -2*h + 7*h - 4*z - 14 = 0. Suppose -18 = -h*f + 5*f. What are the prime factors of 5/(15/f) + 81?
79
Suppose -21 = 110*l - 113*l, -x + 5*l + 33313 = 0. List the prime factors of x.
2, 3, 7, 397
What are the prime factors of 21/63 - ((-128409)/9 - -1)?
11, 1297
Let m(q) = 1826*q**2 + 68*q - 199. List the prime factors of m(4).
3, 13, 751
Suppose 5*r + 26 = 16. Let z be -14 - 1*(r + 0). What are the prime factors of 113 + 1*z*1/(-3)?
3, 13
Let f be 693/(-2)*2/(-6)*6. Suppose 5*l = 12*l - f. What are the prime factors of l?
3, 11
Let c(l) = -297*l - 10. Let j(f) = -f - 1. Let n(m) = -c(m) + 2*j(m). What are the prime factors of n(1)?
3, 101
Let p(h) = -6*h + 39. Let x be p(7). Let b(c) = 13*c**2 + 3*c - 6. What are the prime factors of b(x)?
2, 3, 17
Suppose 3*t + d = 601, t - 2*d - 207 = -4*d. Let r = t + -111. What are the prime factors of r?
2, 11
Let h = -91 - -139. What are the prime factors of (-386)/6*h/(-16)?
193
Suppose u + 4*x + 24 = 3*u, -5*u - 3*x = -99. Suppose 7*j - j - u = 0. Suppose 2*m = 3*c - 60, -8*c + 3*m + 100 = -j*c. What are the prime factors of c?
2, 5
Suppose 3*o - 52142 = -10988. What are the prime factors of o?
2, 19
Let f(z) = 2*z**2 - 11*z - 13. Let c be f(-13). Suppose 0 = 2*d + 7*d - c. Let x = d - 4. List the prime factors of x.
2, 3
Let h be -1707 - ((-1)/(3/6) + 3). Let p = -1058 - h. Suppose -l = 4*l - p. What are the prime factors of l?
2, 5, 13
Suppose f - 2*s - 24 = 0, 4*f - 3*s - 84 = -s. Suppose -136 + 843 = 7*m. Let b = m + f. What are the prime factors of b?
11
Suppose -5*i + 7*i = -3*v + 15231, 4*i - v - 30469 = 0. List the prime factors of i.
3, 2539
Let c(l) be the second derivative of -l**6/120 + l**4/2 - 7*l. Let k(y) be the third derivative of c(y). List the prime factors of k(-3).
2, 3
Let i = 75160 + -37049. What are the prime factors of i?
23, 1657
Let i = 70 + -67. Suppose -i*w = w + 2*h - 10, 3*h = -5*w + 12. List the prime factors of w + (-4 - -1) - -110.
2, 5, 11
List the prime factors of (55 + 55)*(-2 + 234)*(-2)/(-5).
2, 11, 29
Let a(s) = 218*s + 250. Let u(j) = 437*j + 500. Let h(n) = -7*a(n) + 3*u(n). What are the prime factors of h(-8)?
2, 3, 5, 7
Let z be 68/51 - 51/(-9). What are the prime factors of -3 - (6 - (z - -51))?
7
Let a(p) = p**3 + 8*p**2 - 11*p - 12. Let w be (3/(-4))/(9/(-36)). Let b be w/(-2 - (-26)/16). List the prime factors of a(b).
2, 19
Let w(s) = -s**2 - 13*s + 98. Let y be w(5). Suppose -3447 = -y*g + 2009. List the prime factors of g.
2, 11, 31
Let d = 2225 + -900. List the prime factors of d.
5, 53
Let b = 24903 - 20774. List the prime factors of b.
4129
Suppose 19*v - 3*t - 63004 = 15*v, -2*v + 5*t + 31502 = 0. What are the prime factors of v?
19, 829
Let h = 1524 + -582. Suppose -4190 = -4*y + h. What are the prime factors of y?
1283
Let w be ((-100)/6)/(8/(-72)*-3). Let z = w + 202. List the prime factors of z.
2, 19
Let s(q) = -q**3 - 21*q**2 - 21*q - 25. Let v be s(-20). Let r be (v + 2 - -9)*(-3)/(-6). Suppose 63 = r*f - 177. What are the prime factors of f?
2, 5
Suppose -3*i = -56*h + 60*h - 224, -2*h = 2*i - 148. What are the prime factors of ((-2998)/4)/((-36)/i)?
1499
Let n = -6776 + 12157. What are the prime factors of n?
5381
What are the prime factors of ((-81362)/6)/(((-12)/4)/(-15 - -24))?
17, 2393
Let b = 1860 + 3057. Suppose 5*c - 25 = 0, -c - 2*c - b = -4*w. List the prime factors of w.
3, 137
Let v be (-2)/(-6) + 96/9. Suppose -v*j + 4 = -10*j. Suppose -j*a + 6 = -2, -56 = -3*k + 5*a. What are the prime factors of k?
2, 11
Let a(r) = 20*r**2 - 15*r + 23. Let k be a(4). Let t = 34 + k. List the prime factors of t.
317
Let z(w) = 36*w + 5612. List the prime factors of z(-86).
2, 17, 37
Suppose 4*r + 102 = -2*r. Let j = r - -19. Suppose 8 + 102 = j*w. What are the prime factors of w?
5, 11
Let g = 64716 + -38574. What are the prime factors of g?
2, 3, 4357
Let j = 92 + -73. Let u = 27 - j. Suppose -u*s - s = -1575. List the prime factors of s.
5, 7
Suppose 2*g = -2*y, -2*y + 5*g = 3*y - 30. Suppose y*h - 18 = -9. Suppose h*s + 0*k + 4*k = 138, -4*s - k + 171 = 0. List the prime factors of s.
2, 3, 7
Suppose 8*d = 3*p + 3*d - 202144, -16 = -4*d. What are the prime factors of p?
2, 17, 991
Let s(h) = -5*h + 6 - 18 - 2*h - 3*h. Let g(w) = 2*w**2 + 8*w - 27. Let u be g(-6). List the prime factors of s(u).
2, 3
What are the prime factors of -11 + 4742 - (0 + -3 + 0)?
2, 3, 263
List the prime factors of (-288)/(-4 + 20) + 60419.
11, 17, 19
Let u(o) = o**3 - o**2 - o. Let z(b) = b**3 + 15*b**2 - 18*b - 7. Let s(p) = 2*u(p) - z(p). Suppose 37*f + 64 = 41*f. What are the prime factors of s(f)?
7
Let r(m) = m**3 + 7*m**2 - 36*m + 61. List the prime factors of r(12).
5, 11, 43
Let h be -1*(-4)/18 + 3508/9. List the prime factors of h/4 - (-51)/(-34).
2, 3
Suppose -5*v + 288935 = -5*p, p + 115577 = 3049*v - 3047*v. What are the prime factors of v?
2, 5, 5779
Suppose 5*x - 10*x - 2*g + 22 = 0, 0 = 4*x - 5*g - 44. Suppose 14*d = x*d + 2584. List the prime factors of d.
17, 19
Let x(b) = 278*b**3 - 5*b**2 - 152*b + 735. List the prime factors of x(5).
2, 5, 173
Suppose 0 = 11*g + 3450 - 282. Let w = 87 + -285. Let o = w - g. What are the prime factors of o?
2, 3, 5
Let o(x) = 2*x**2 - 15*x + 31. Let j be o(14). Suppose j = -16*z + 19*z. List the prime factors of (z/2)/(6/12).
71
Let b(h) be the third derivative of -h**5/60 - 25*h**4/24 + 3*h**3 + 38*h**2. What are the prime factors of b(-23)?
2
Suppose -2*j - 31 = -5*j - 5*g, 6 = -2*j + 2*g. Suppose -1 = -j*m + 9. Suppose -4*x = -2*x - 3*p - 149, -4*p + 407 = m*x. What are the prime factors of x?
79
Let m be (7/2)/((-4)/8). Let u(r) = r**2 + 6*r - 21. Let b(q) = 6*q**2 + 31*q - 105. Let z(n) = 2*b(n) - 11*u(n). List the prime factors of z(m).
2, 7
Suppose 5 = 3*z - 4. Suppose 9 = 3*h, -c = z*h - 639 + 239. List the prime factors of c.
17, 23
Let c(m) = 4*m**2 + 17*m + 19. Let g be c(-3). Suppose y = -3*i + 1219, 4409 + 423 = g*y + i. What are the prime factors of y?
17, 71
Let w(f) = 1768*f. Let v be w(-1). Let y = -285 - v. What are the prime factors of y?
1483
Let k(s) = -22*s + 244. Let v(d) = 25*d - 243. Let p(q) = 5*k(q) + 4*v(q). List the prime factors of p(0).
2, 31
Let s = -28 - -22. Suppose -5*n = 22 - 12. List the prime factors of 2/((6/225)/(n/s)).
5
Let j(a) = -192*a + 42. Suppose 0 = 2*z - 2*p + 2, -z + 5*p = -3*z - 16. List the prime factors of j(z).
2, 3, 103
Let u be (3511 - 2) + (-17 - -13). Suppose -11*i + 4745 = -u. List the prime factors of i.
2, 3, 5
Let b = 518 - 274. Let p = b + -150. What are the prime factors of p?
2, 47
Let s be (((-4)/3)/2)/((-58)/24621). Let k = s - 139. Let p = k + -119. List the prime factors of p.
5
Let i = 46 + -43. Let w(f) = -i + f - 3*f - f + 4 + 110*f**2. What are the prime factors of w(1)?
2, 3
What are the prime factors of (1 + (-9)/7)/(10/(-378490))?
2, 5407
Let n(y) = -2*y**2 + 970*y - 291. What are the prime factors of n(65)?
3, 43, 421
Let b(h) = -7*h**3 + 4*